= -17*q + 9*q - a. Let y(p) = -2*p - 1. What is y(q)?
3
Let t(q) = q**3 + 9*q**2 - 9*q - 7. Let z(f) = -3*f**3 - 1 - 5*f**2 + f**3 + 5*f + 5 + f**3. Suppose -3*j + 14 = 26. Let l(n) = j*t(n) - 7*z(n). Give l(1).
3
Let d(u) = 11*u**2 - 13*u + 12. Let l(m) = 3 + 6*m - 6*m - m - 126*m**2 + 128*m**2. Let s(k) = d(k) - 5*l(k). What is s(5)?
-18
Let r(c) = -c**2 + 16*c - 2. Let k(f) = f**3 + 3*f**2 + 74*f + 149. Let y be k(-2). Give r(y).
53
Suppose -7*n = -4*n - 5*z - 16, n = -z. Let d(l) = -l**3 - 17443*l - 3*l**n + 7 + 17455*l + 7*l**2. What is d(6)?
7
Let h(t) = -5*t**3 - t**2 - 6*t - 3. Let n(x) = 6*x**3 + 6*x + 3. Let d(i) = 5*h(i) + 4*n(i). Let a = -10 + 2. Let m = -12 - a. Determine d(m).
5
Let i be (-180)/(-24) - 3/(-6)*-3. Suppose -42 - i = -24*b. Let u(m) = -5*m - 4. Give u(b).
-14
Let n(h) = -h**3 - 14*h**2 - 13*h + 16. Suppose c - 64 = 5*k, 0 = 2*k + 13*c - 18*c + 21. Give n(k).
16
Let p(l) be the third derivative of -l**6/60 - 4*l**5/3 - 5*l**3/6 + 2*l**2 - 111*l + 2. Calculate p(-40).
-5
Let c = 275 + -279. Let v be -13 + 1/(2*c/24). Let w(l) = 2*l + 34. Calculate w(v).
2
Suppose -4*b = 2*g - 332, -2*b = 3*g + 140 - 638. Let q(d) = 2 + 1 - 12*d**2 + 13 + g*d - 151*d - d**3. Calculate q(-13).
-10
Suppose -z + 1 = -i + z, -3*z + 9 = i. Let x(y) = -3*y**3 - 5*y**3 + y**2 - 12 + 7*y**i + y. Let k(j) = -j**2 - 3*j + 4. Let w be k(-4). Calculate x(w).
-12
Let v = -40 - -40. Let h(k) = 3 + 0*k - 1 + v + 5*k. Suppose -n = -14 + 17. Determine h(n).
-13
Let q(g) = g**2 - 21*g - 40. Let s = 37797 + -37774. Give q(s).
6
Let p(y) = -y**2 - 9*y - 3. Let s = 1121 + -1104. Let v(d) be the third derivative of d**5/60 - 17*d**4/24 - 7*d**3/6 - d**2. Let f be v(s). Calculate p(f).
11
Let c(t) = -343 - 1607*t**2 - 3*t + 67*t + 1608*t**2. Give c(5).
2
Let p(j) = j**3 - 10*j**2 - 8*j - 3. Suppose 6*m + 10*m - 14*m - 22 = 0. Give p(m).
30
Let c(j) = -2*j - 1. Let a(n) = 2*n - 6. Suppose 5 = i - 6*i. Let f be a(i). Calculate c(f).
15
Let q(t) = -t**2 - 5*t + 3. Let o be q(-6). Let c(p) = -2*p - 4*p**2 + 0*p**2 - 6423606 + 6423610. Calculate c(o).
-26
Let v = -15 - -8. Let l(g) = -110 + 190 - 78 - g. Determine l(v).
9
Suppose -3*u + 16 - 4 = 0. Suppose -101 + 71 = -6*i. Let t(y) = -i*y**2 - 2*y**2 + y**3 - 6 + 5*y**2 - 2*y + 1. What is t(u)?
19
Let b = -610 - -613. Let d(o) = 8*o**3 - o**b - o + 3065*o**2 - 3064*o**2 - 1. Calculate d(-1).
-6
Suppose -15*d + 6*d - 63 = 0. Let k be (-24)/(d/(-5) - 1). Let x = 61 + k. Let l(t) = 6*t**3. Determine l(x).
6
Let d = 4 - 1. Let u(l) = 2*l + 1 - 6 - l - l**d. Suppose 661*x - 2 = 660*x - i, -2 = -i. What is u(x)?
-5
Let t(l) = l**2 - 6*l + 6. Let u be (1 + 8/(-4))/(2/(-10)). Suppose -4*d = -5*k + 29, -2*k - u*d = -4*k + 15. What is t(k)?
1
Suppose 632*w + 5 = 631*w, 5*w = -3*t - 55. Let z(d) = 2*d**2 + 27*d + 2. Determine z(t).
-68
Let y(l) = l**3 + 4*l**2 + 3*l + 3. Let o(v) = v + 14. Let c be o(-7). Let n(m) = m**2 - 7 - 5*m + 25 - c*m. Let u be n(10). What is y(u)?
5
Let g(b) = 4*b**2 + 8*b + 6. Suppose -186*r + 162*r - 72 = 0. What is g(r)?
18
Suppose 24*t + 97*t - 32*t + 1246 = 0. Let a(k) = k**2 + 11*k - 54. Give a(t).
-12
Let c(j) = -j**2 + 14*j + 47. Suppose 170 = -2553*o + 2563*o. What is c(o)?
-4
Let j = -20 - -31. Suppose j = s + 2*q, 3 = -s + 4*q - 4. Suppose -r + 5 = s*t - 4*r, -4*r + 12 = -2*t. Let x(b) = -b**2 + 2*b + 3. What is x(t)?
-5
Let j(i) = -i**3 - 4*i**2 + 3*i - 5. Let q = -37 - -50. Suppose 2 + q = -3*t. What is j(t)?
5
Let i be 15 + 3/(-1) - 544/68. Let k(t) = 5*t + 7. Calculate k(i).
27
Let w be 366/1586 + (-72)/(-26). Let h(s) = -2*s**3 + 3*s**2 + 6*s + 9. Determine h(w).
0
Let p(k) = 40160 + 4*k**2 + 0*k**3 - k**3 + 40158 + 4*k - 80320. Calculate p(3).
19
Let r(f) be the first derivative of f**4/4 + 4*f**3/3 - f**2 - 6*f + 1779. Suppose 0 = -46*i + 45*i - 4. Give r(i).
2
Let z(q) = q**2 - 17*q - 33. Let a(m) = -28*m + 2426. Let c be a(86). Give z(c).
-15
Let o(l) = -11*l - 2*l - 6580 + 6766 + 2*l. Determine o(20).
-34
Let g(y) be the second derivative of y**3/6 + 11*y**2/2 - 3*y. Suppose 4*k = 4611 - 4631. What is g(k)?
6
Let u(l) be the third derivative of -l**6/120 - 2*l**5/15 - 17*l**4/24 - 5*l**3/3 + 157*l**2 - 8*l. Give u(-5).
0
Let g(s) = -s**2 + 9*s - 6. Let w(i) = -5*i**2 - 15*i + 35. Let p(c) = 13*c**2 + 31*c - 71. Let r(h) = -2*p(h) - 5*w(h). Let m be r(8). What is g(m)?
8
Let p(o) = -6*o + 9. Suppose 4*w + 20 = 4*x, -2*x + w + 0*w = -9. Suppose -39*q + 303 = 30. Let m(d) = 11*d - 17. Let z(a) = q*p(a) + x*m(a). Give z(4).
3
Suppose 2*m - 4*m = o - 82, 3*o = -12. Suppose -m - 2 = -9*y. Let x(l) be the second derivative of -l**3/6 - 3*l**2 + l. Give x(y).
-11
Let n = 9 - 15. Let f(u) be the second derivative of u**3/2 + 7*u**2/2 + 17259*u. Determine f(n).
-11
Let u(v) = 8*v + 3 - 4*v - 4. Suppose -j - 2*j - 2*l = -14, -5*l = 5*j - 30. Let h be -1 - j/(((-30)/(-9))/(-5)). What is u(h)?
7
Let o(j) = -184*j + 3485. Let v be o(19). Let c(p) = 5*p + 29. Calculate c(v).
-26
Let u(n) be the second derivative of 0 - 11/2*n**2 - 6*n + 1/6*n**3. Let v be (21 - 564/36) + (-4)/(-6). What is u(v)?
-5
Suppose -536 = -3*i - 5*b, 5*b + 0 = -25. Let q = -186 + i. Let y(w) = 3*w**3 - w**2 + 3*w - 2. Determine y(q).
3
Let h(l) = -l**2 + 3*l - 2. Let x(d) = 3*d - 7. Let c be x(4). Suppose 216 = c*i + i. Let u = 38 - i. Give h(u).
0
Let r(h) = 0*h**2 + h**2 - 52*h + 15*h + 15*h + 44*h. Give r(-22).
0
Let i(u) be the second derivative of -2*u**3/3 + 7*u**2/2 - u. Let b(s) = -6 - 3*s + 2*s - 7*s + 7*s + 4*s. Let c(x) = 5*b(x) + 4*i(x). Give c(0).
-2
Let y(q) = -15*q - 87. Let s(d) = 8*d + 37. Let c(h) = -7*s(h) - 3*y(h). Give c(3).
-31
Suppose -19*t + 128 = -3425. Suppose t*c - 191*c = -4. Let i(q) = -11*q. Determine i(c).
-11
Let n(u) = 5*u**2 + 5*u + 5. Let z be n(-1). Let f(y) = -30 - z*y + 61 - 2*y - 32. Determine f(-1).
6
Let w be ((-7)/28)/((-35)/(-168))*-5. Let j(x) = x**2 - x - 15. Calculate j(w).
15
Let a(z) = 6*z - 1. Let j(r) = 5*r - 1. Let f(c) = -6*a(c) + 7*j(c). Let g be f(-4). Let t(k) = 6*k + g - k - 8*k**2 - k**3 - 11*k. Determine t(-7).
-4
Let z = -27 + 33. Let a(o) = -o**3 + 7*o**2 - 5*o - 2. Let d be a(z). Let r be 3*(2 - 3) + d. Let x(v) = 5*v - 1. What is x(r)?
4
Let x(m) = 1113*m**2 + 6*m - 6. Let l be x(1). Let y(j) = 3*j - l - 1117 + 2234. Determine y(-5).
-11
Let z(i) = 33 + 28*i**3 - 46 + 10*i**2 + 36*i**2 - 29*i**3 + 96*i. Determine z(48).
-13
Let p(q) be the third derivative of q**5/60 + 11*q**4/12 - 4*q**3/3 + 526*q**2. What is p(-19)?
-65
Let p be ((1 - (-10)/(-12))*9)/(116/(-464)). Let c(k) be the first derivative of k**4/4 + 5*k**3/3 - 3*k**2 + 5*k + 4. Calculate c(p).
5
Let m be 1349/209 + (-5)/((-110)/12). Let s(g) = 2*g + 0*g - 7*g**2 - 5 - 5*g - 8*g**3 + m*g**3 + g**2. Determine s(-6).
13
Let l(p) = -41*p + 10 + 15 - 54*p + 97*p. Determine l(6).
37
Let h(z) be the second derivative of 11*z**3/6 - 3*z**2 - 2*z. Let i(w) = 5*w - 3. Let x be -1*(-14 + -4 + 5). Let b(d) = x*i(d) - 6*h(d). Calculate b(5).
-8
Let w(g) = 2*g**3 - 10*g**2 - 2*g - 9. Suppose 5*o + 45*k - 21 = 46*k, -2*o - k + 14 = 0. Give w(o).
-19
Let m(i) = i**3 - 21*i**2 - i + 17. Suppose -57*q - 189 = -58*q. Suppose -3*x - 6*x = -q. What is m(x)?
-4
Let s(y) = y**3 - 5*y**2 + 2*y - 4. Suppose 1 = 4*i - 7. Let j(u) = i*u**2 - 5*u + 5 + 7*u + 0*u + 14*u. Let k be j(-8). Determine s(k).
6
Let f(d) = -2*d - 11. Let h(q) = q + 17. Let r(x) = 7*f(x) + 5*h(x). Determine r(4).
-28
Suppose -3*r - 6 = 2*x - 8, 4*r - 3*x - 14 = 0. Let h(z) be the third derivative of -z**4/3 + z**3/3 + 67*z**2. What is h(r)?
-14
Let t(z) = z + 11. Let x = -3609 + 3615. Determine t(x).
17
Let q be 3 - 2 - 1*-2. Let x = q + -7. Let g(c) = c**2 - 2*c + 28. Let t(s) = -2*s**2 + 5*s - 64. Let k(z) = -9*g(z) - 4*t(z). Give k(x).
-4
Suppose 0 = 707*q - 724*q + 170. Let w(k) = -k**3 + 10*k**2 - 5*k + 11. Give w(q).
-39
Let h(b) = 10*b - 4. Let m(p) = 29*p - 12. Let u(j) = 11*h(j) - 4*m(j). Determine u(2).
-8
Let b(f) = f**2 - 10*f + 10. Suppose -91*y + 1340 = -24*y. Let g = 2 + 27. Let c = g - y. Give b(c).
1
Let j(x) = -8*x - 5*x - 7*x + 18*x + x + 44*x**2. Give j(1).
43
Let c(t) = 5*t - 4. Let l(b) = -10 - 1 - 1 + 5 + 9*b. Let d(a) = -11*c(a) + 6*l(a). What is d(5)?
-3
Let u(o) = 2*o**2 - 6*o - 5. Suppose -1201 = 5*i + 3*c, -3*i + 5*c 